{"id":122,"date":"2021-08-02T10:45:37","date_gmt":"2021-08-02T13:45:37","guid":{"rendered":"http:\/\/itapemadayrun.com.br\/?page_id=122"},"modified":"2025-03-15T07:43:21","modified_gmt":"2025-03-15T10:43:21","slug":"informacoes","status":"publish","type":"page","link":"https:\/\/itapemadayrun.com.br\/index.php\/informacoes\/","title":{"rendered":"INFORMA\u00c7\u00d5ES"},"content":{"rendered":"\t\t<div data-elementor-type=\"wp-page\" data-elementor-id=\"122\" class=\"elementor elementor-122\" data-elementor-post-type=\"page\">\n\t\t\t\t\t\t<section class=\"elementor-section elementor-top-section elementor-element elementor-element-1459dcf elementor-section-boxed elementor-section-height-default elementor-section-height-default\" data-id=\"1459dcf\" data-element_type=\"section\" data-e-type=\"section\">\n\t\t\t\t\t\t<div class=\"elementor-container elementor-column-gap-default\">\n\t\t\t\t\t<div class=\"elementor-column elementor-col-50 elementor-top-column elementor-element elementor-element-c5ab08c\" data-id=\"c5ab08c\" data-element_type=\"column\" data-e-type=\"column\">\n\t\t\t<div class=\"elementor-widget-wrap elementor-element-populated\">\n\t\t\t\t\t\t<div class=\"elementor-element elementor-element-e6985a8 elementor-widget elementor-widget-text-editor\" data-id=\"e6985a8\" data-element_type=\"widget\" data-e-type=\"widget\" data-widget_type=\"text-editor.default\">\n\t\t\t\t<div class=\"elementor-widget-container\">\n\t\t\t\t\t\t\t\t\t<h4><strong>Data: 05\/04\/2025<\/strong><\/h4><div><p><strong>Modalidades:<\/strong><\/p><p><strong>5km e 10km<\/strong><br \/><strong>Kids run<\/strong><\/p><p><strong>\u00a0<u>E<\/u><\/strong><b><u>ntrega Kits<\/u><\/b><br \/><b><u>Junto \u00e0 Largada<br \/><\/u><\/b><\/p><p><span style=\"color: #000000; font-family: arial, helvetica, sans-serif; font-size: medium; text-align: center;\">14h \u00e0s 16H<\/span><\/p><p><span style=\"color: #000000; font-family: arial, helvetica, sans-serif; font-size: medium; text-align: center;\">Local Largada: Pra\u00e7a da Paz, Centro.<\/span><\/p><\/div><p><span style=\"color: #000000; font-family: arial, helvetica, sans-serif; font-size: medium; text-align: center;\">Programa\u00e7\u00e3o\u00a0 \u00a0 \u00a0 \u00a0 \u00a0 \u00a0 \u00a0 \u00a0 \u00a0 \u00a0 \u00a0 \u00a0 \u00a0 \u00a0 \u00a0 \u00a0 <\/span><span style=\"color: #000000; font-family: arial, helvetica, sans-serif; font-size: medium; text-align: center;\">Largada geral : 17h<\/span><\/p>\t\t\t\t\t\t\t\t<\/div>\n\t\t\t\t<\/div>\n\t\t\t\t\t<\/div>\n\t\t<\/div>\n\t\t\t\t<div class=\"elementor-column elementor-col-50 elementor-top-column elementor-element elementor-element-66850d6\" data-id=\"66850d6\" data-element_type=\"column\" data-e-type=\"column\">\n\t\t\t<div class=\"elementor-widget-wrap elementor-element-populated\">\n\t\t\t\t\t\t<div class=\"elementor-element elementor-element-9ab2b69 elementor-widget elementor-widget-text-editor\" data-id=\"9ab2b69\" data-element_type=\"widget\" data-e-type=\"widget\" data-widget_type=\"text-editor.default\">\n\t\t\t\t<div class=\"elementor-widget-container\">\n\t\t\t\t\t\t\t\t\t<h3>Premia\u00e7\u00e3o 5km e 10km<\/h3>\n<h3><b style=\"font-size: 20px;\">&nbsp; &nbsp; &nbsp; &nbsp; &nbsp; &nbsp; &nbsp;Geral &#8211; Trof\u00e9us&nbsp; &nbsp; &nbsp; &nbsp; &nbsp; &nbsp; &nbsp; &nbsp;&nbsp;<\/b><b style=\"font-size: 20px;\">1\u00ba ao 5\u00ba Lugar<\/b><\/h3>\n<div>\n<p><span style=\"color: #443f3f; font-size: 20px;\"><b>&nbsp; &nbsp; &nbsp; &nbsp; &nbsp;<\/b><\/span><span style=\"color: #443f3f; font-size: 20px; font-weight: 600;\">&nbsp;<\/span><b style=\"color: #443f3f; font-size: 20px;\">Categorias &#8211; Trof\u00e9us<\/b><span style=\"color: #443f3f; font-size: 20px; font-weight: 600;\">&nbsp; &nbsp; &nbsp; &nbsp; &nbsp; &nbsp; &nbsp; &nbsp; &nbsp; 1\u00ba ao 3\u00ba&nbsp; Lugar&nbsp; &nbsp; &nbsp; &nbsp; &nbsp;<\/span><\/p>\n<p>&nbsp;&nbsp; <b><u>Medalhas finisher exclusiva de Participa\u00e7\u00e3o<\/u><\/b><\/p>\n<p><b><u>Trof\u00e9u Maior Equipe&nbsp;<\/u><\/b><\/p>\n<\/div>\t\t\t\t\t\t\t\t<\/div>\n\t\t\t\t<\/div>\n\t\t\t\t\t<\/div>\n\t\t<\/div>\n\t\t\t\t\t<\/div>\n\t\t<\/section>\n\t\t\t\t<section class=\"elementor-section elementor-top-section elementor-element elementor-element-694eaf7 elementor-section-boxed elementor-section-height-default elementor-section-height-default\" data-id=\"694eaf7\" data-element_type=\"section\" data-e-type=\"section\">\n\t\t\t\t\t\t<div class=\"elementor-container elementor-column-gap-default\">\n\t\t\t\t\t<div class=\"elementor-column elementor-col-33 elementor-top-column elementor-element elementor-element-35bad9b\" data-id=\"35bad9b\" data-element_type=\"column\" data-e-type=\"column\">\n\t\t\t<div class=\"elementor-widget-wrap\">\n\t\t\t\t\t\t\t<\/div>\n\t\t<\/div>\n\t\t\t\t<div class=\"elementor-column elementor-col-33 elementor-top-column elementor-element elementor-element-9a16280\" data-id=\"9a16280\" data-element_type=\"column\" data-e-type=\"column\">\n\t\t\t<div class=\"elementor-widget-wrap\">\n\t\t\t\t\t\t\t<\/div>\n\t\t<\/div>\n\t\t\t\t<div class=\"elementor-column elementor-col-33 elementor-top-column elementor-element elementor-element-ed0e2d6\" data-id=\"ed0e2d6\" data-element_type=\"column\" data-e-type=\"column\">\n\t\t\t<div class=\"elementor-widget-wrap\">\n\t\t\t\t\t\t\t<\/div>\n\t\t<\/div>\n\t\t\t\t\t<\/div>\n\t\t<\/section>\n\t\t\t\t<\/div>\n\t\t","protected":false},"excerpt":{"rendered":"<p>Data: 05\/04\/2025 Modalidades: 5km e 10kmKids run \u00a0Entrega KitsJunto \u00e0 Largada 14h \u00e0s 16H Local Largada: Pra\u00e7a da Paz, Centro. Programa\u00e7\u00e3o\u00a0 \u00a0 \u00a0 \u00a0 \u00a0 \u00a0 \u00a0 \u00a0 \u00a0 \u00a0 \u00a0 \u00a0 \u00a0 \u00a0 \u00a0 \u00a0 Largada geral : 17h Premia\u00e7\u00e3o 5km e 10km &nbsp; &nbsp; &nbsp; &nbsp; &nbsp; &nbsp; &nbsp;Geral &#8211; Trof\u00e9us&nbsp; &nbsp; &nbsp; [&hellip;]<\/p>\n","protected":false},"author":1,"featured_media":0,"parent":0,"menu_order":0,"comment_status":"closed","ping_status":"closed","template":"","meta":{"footnotes":""},"class_list":["post-122","page","type-page","status-publish","hentry"],"_links":{"self":[{"href":"https:\/\/itapemadayrun.com.br\/index.php\/wp-json\/wp\/v2\/pages\/122","targetHints":{"allow":["GET"]}}],"collection":[{"href":"https:\/\/itapemadayrun.com.br\/index.php\/wp-json\/wp\/v2\/pages"}],"about":[{"href":"https:\/\/itapemadayrun.com.br\/index.php\/wp-json\/wp\/v2\/types\/page"}],"author":[{"embeddable":true,"href":"https:\/\/itapemadayrun.com.br\/index.php\/wp-json\/wp\/v2\/users\/1"}],"replies":[{"embeddable":true,"href":"https:\/\/itapemadayrun.com.br\/index.php\/wp-json\/wp\/v2\/comments?post=122"}],"version-history":[{"count":110,"href":"https:\/\/itapemadayrun.com.br\/index.php\/wp-json\/wp\/v2\/pages\/122\/revisions"}],"predecessor-version":[{"id":804,"href":"https:\/\/itapemadayrun.com.br\/index.php\/wp-json\/wp\/v2\/pages\/122\/revisions\/804"}],"wp:attachment":[{"href":"https:\/\/itapemadayrun.com.br\/index.php\/wp-json\/wp\/v2\/media?parent=122"}],"curies":[{"name":"wp","href":"https:\/\/api.w.org\/{rel}","templated":true}]}}